s 523 a multiple of 9?
False
Does 59 divide 525?
False
Does 10 divide 11385?
False
Is 14 a factor of 261?
False
Is 36 a factor of 95?
False
Is 63121 a multiple of 79?
True
Is 82115 a multiple of 11?
True
Is 20 a factor of 389?
False
Is 14 a factor of 4506?
False
Is 3574 a multiple of 13?
False
Is 59 a factor of 6018?
True
Does 11 divide 420?
False
Does 5 divide 2042?
False
Is 136 a multiple of 4?
True
Is 3 a factor of 533?
False
Does 79 divide 23779?
True
Is 6 a factor of 384?
True
Is 72 a factor of 10831?
False
Does 3 divide 943?
False
Does 32 divide 1888?
True
Is 27 a multiple of 12?
False
Is 263 a factor of 29456?
True
Is 17 a factor of 25177?
True
Is 8748 a multiple of 52?
False
Is 600 a multiple of 10?
True
Is 11770 a multiple of 55?
True
Is 4530 a multiple of 15?
True
Is 598 a multiple of 23?
True
Is 44 a factor of 8998?
False
Is 2624 a multiple of 32?
True
Does 26 divide 4731?
False
Does 49 divide 24353?
True
Does 68 divide 29716?
True
Does 21 divide 87360?
True
Does 10 divide 690?
True
Is 480 a multiple of 5?
True
Is 2834 a multiple of 24?
False
Is 20 a factor of 540?
True
Does 6 divide 238?
False
Is 21 a factor of 168?
True
Is 71 a factor of 497?
True
Is 5670 a multiple of 81?
True
Is 49 a factor of 1128?
False
Does 3 divide 108?
True
Does 8 divide 282?
False
Is 239 a multiple of 12?
False
Is 3816 a multiple of 36?
True
Is 493 a multiple of 13?
False
Is 12 a factor of 8949?
False
Is 3 a factor of 468?
True
Does 4 divide 5240?
True
Is 214 a multiple of 5?
False
Does 35 divide 5040?
True
Is 22040 a multiple of 20?
True
Does 82 divide 21484?
True
Is 112 a factor of 74032?
True
Does 8 divide 328?
True
Is 1534 a multiple of 13?
True
Does 14 divide 14518?
True
Does 15 divide 105?
True
Does 23 divide 621?
True
Is 6080 a multiple of 51?
False
Is 400 a multiple of 8?
True
Is 2 a factor of 44?
True
Is 97 a multiple of 10?
False
Is 33 a factor of 123882?
True
Is 380 a multiple of 43?
False
Is 240 a multiple of 16?
True
Is 58 a factor of 1334?
True
Is 8 a factor of 584?
True
Is 3 a factor of 83?
False
Does 37 divide 3848?
True
Does 54 divide 12343?
False
Is 78 a multiple of 5?
False
Is 22507 a multiple of 46?
False
Is 16 a factor of 4112?
True
Is 131705 a multiple of 434?
False
Is 23 a factor of 11914?
True
Is 3198 a multiple of 61?
False
Is 405 a multiple of 67?
False
Is 32 a factor of 2688?
True
Is 47 a factor of 278?
False
Does 18 divide 526?
False
Is 17091 a multiple of 38?
False
Is 5 a factor of 3809?
False
Is 336 a factor of 26161?
False
Does 124 divide 2108?
True
Is 2835 a multiple of 21?
True
Is 3767 a multiple of 19?
False
Is 469 a factor of 159648?
False
Is 16 a factor of 3632?
True
Does 36 divide 23319?
False
Does 19 divide 10165?
True
Is 5 a factor of 7865?
True
Does 130 divide 707?
False
Is 91120 a multiple of 324?
False
Is 7510 a multiple of 169?
False
Is 3370 a multiple of 48?
False
Does 58 divide 101152?
True
Does 8 divide 8051?
False
Is 48 a factor of 303?
False
Is 187 a multiple of 28?
False
Does 16 divide 588?
False
Is 1164 a multiple of 5?
False
Is 75496 a multiple of 9?
False
Does 172 divide 5332?
True
Does 54 divide 5845?
False
Does 85 divide 14705?
True
Is 57538 a multiple of 9?
False
Is 13 a factor of 727?
False
Is 9 a factor of 529?
False
Is 13 a factor of 402?
False
Is 4554 a multiple of 207?
True
Does 10 divide 4228?
False
Is 13 a factor of 2288?
True
Is 2541 a multiple of 11?
True
Is 5524 a multiple of 35?
False
Does 20 divide 20?
True
Is 142 a factor of 3979?
False
Is 17 a factor of 1683?
True
Is 11934 a multiple of 13?
True
Does 30 divide 810?
True
Is 93 a factor of 27435?
True
Is 18 a factor of 14815?
False
Does 8 divide 10232?
True
Does 18 divide 23166?
True
Does 14 divide 5950?
True
Is 34 a factor of 34272?
True
Is 5460 a multiple of 26?
True
Is 112 a multiple of 9?
False
Is 43 a multiple of 4?
False
Is 39240 a multiple of 15?
True
Does 239 divide 38285?
False
Is 34 a factor of 1657?
False
Is 71 a multiple of 2?
False
Is 3928 a multiple of 10?
False
Does 39 divide 3046?
False
Is 11 a factor of 1001?
True
Is 215 a factor of 119755?
True
Is 28 a factor of 630?
False
Does 12 divide 57896?
False
Is 296 a multiple of 2?
True
Is 920 a multiple of 10?
True
Does 47 divide 3698?
False
Is 8 a factor of 171?
False
Is 464 a multiple of 35?
False
Is 1008 a multiple of 21?
True
Is 365 a multiple of 5?
True
Is 20289 a multiple of 14?
False
Is 390 a multiple of 15?
True
Is 106 a factor of 57809?
False
Does 43 divide 4973?
False
Does 99 divide 1807?
False
Is 11265 a multiple of 39?
False
Is 14 a factor of 98?
True
Is 36 even?
True
Is 20 a factor of 3280?
True
Does 9 divide 6288?
False
Is 4860 a multiple of 18?
True
Is 20298 a multiple of 102?
True
Does 189 divide 14175?
True
Does 10 divide 3450?
True
Is 118 a multiple of 4?
False
Does 10 divide 450?
True
Is 19055 a multiple of 8?
False
Is 9472 a multiple of 37?
True
Is 33 a factor of 297?
True
Is 5 a factor of 66587?
False
Does 54 divide 36234?
True
Is 36 a factor of 503?
False
Does 17 divide 1110?
False
Is 81 a factor of 4212?
True
Is 270 a factor of 6480?
True
Is 49 a factor of 4107?
False
Is 3646 a multiple of 31?
False
Is 18 a factor of 774?
True
Is 1628 a multiple of 22?
True
Is 7902 a multiple of 16?
False
Is 22524 a multiple of 119?
False
Does 21 divide 939?
False
Is 11 a factor of 82473?
False
Does 80 divide 43360?
True
Is 10260 a multiple of 171?
True
Is 6 a factor of 12017?
False
Is 155 a factor of 33790?
True
Does 15 divide 168?
False
Is 1131 a multiple of 3?
True
Does 98 divide 2279?
False
Does 2 divide 331?
False
Is 197 a factor of 19109?
True
Is 5 a factor of 1965?
True
Is 1109 a multiple of 2?
False
Is 2108 a multiple of 182?
False
Is 3128 a multiple of 23?
True
Does 12 divide 92?
False
Is 43 a factor of 1175?
False
Does 40 divide 92932?
False
Does 20 divide 240?
True
Does 15 divide 1150?
False
Is 34 a factor of 6222?
True
Does 20 divide 8891?
False
Does 89 divide 5412?
False
Is 10 a factor of 1340?
True
Is 57 a factor of 5700?
True
Is 44 a factor of 57227?
False
Is 6 a factor of 14136?
True
Is 18756 a multiple of 48?
False
Is 33 a factor of 9042?
True
Is 115 a factor of 9890?
True
Does 37 divide 1304?
False
Is 868 a multiple of 13?
False
Is 4218 a multiple of 37?
True
Does 7 divide 9884?
True
Is 82431 a multiple of 213?
True
Is 89 a factor of 12897?
False
Is 4551 a multiple of 57?
False
Is 5355 a multiple of 108?
False
Is 18 a factor of 8962?
False
Does 9 divide 5067?
True
Is 60 a factor of 480?
True
Does 21 divide 1790?
False
Is 15 a factor of 93444?
False
Is 10 a factor of 141?
False
Is 4912 a multiple of 8?
True
Is 432 a multiple of 6?
True
Is 93 a multiple of 36?
False
Does 16 divide 1216?
True
Is 13 a factor of 689?
True
Is 8242 a multiple of 17?
False
Is 495 a multiple of 25?
False
Is 13496 a multiple of 34?
False
Is 19 a factor of 34143?
True
Does 20 divide 476?
False
Is 16 a multiple of 5?
False
Is 174 a factor of 35670?
True
Does 3 divide 10?
False
Is 13 a factor of 12896?
True
Is 6 a factor of 62?
False
Does 15 divide 2135?
False
Is 660 a multiple of 72?
False
Is 180 a multiple of 42?
False
Is 14 a factor of 7445?
False
Is 72375 a multiple of 75?
True
Is 3870 a multiple of 15?
True
Is 131 a factor of 4941?
False
Is 6504 a multiple of 12?
True
Is 324 a multiple of 105?
False
Is 17 a factor of 2028?
False
Does 6 divide 143?
False
Does 19 divide 10874?
False
Does 21 divide 24039?
False
Is 365 a multiple of 5?
True
Does 26 divide 734?
False
Does 5 divide 1093?
False
Is 29 a multiple of 9?
False
Is 19 a factor of 6004?
True
Is 698 a multiple of 27?
False
Is 1728 a multiple of 64?
True
Does 12 divide 1620?
True
Is 52390 a multiple of 65?
True
Is 1635 a multiple of 66?
False
Is 39 a factor of 705?
False
Is 20593 a multiple of 11?
False
Does 12 divide 230?
False
Is 565 a multiple of 14?
False
Does 6 divide 198?
True
Does 295 divide 60697?
False
Does 14 divide 965?
False
Is 969 a multiple of 19?
True
Is 4779 a multiple of 59?
True
Does 2 divide 337?
False
Does 316 divide 43924?
True
Is 616 a multiple of 32?
False
Is 24 a factor of 1728?
True
Is 6 a factor of 6382?
False
Does 115 divide 5060?
True
Is 84 a factor of 8232?
True
Does 356 divide 24564?
True
Is 3666 a multiple of 39?
True
Is 50 a factor of 15700?
True
Does 7 divide 12093?
False
Is 59889 a multiple 